{"id":7,"date":"2015-10-20T19:38:24","date_gmt":"2015-10-20T19:38:24","guid":{"rendered":"http:\/\/www.swedishness.com\/?page_id=7"},"modified":"2015-10-22T04:37:20","modified_gmt":"2015-10-22T04:37:20","slug":"om-oss","status":"publish","type":"page","link":"https:\/\/www.swedishness.com\/?page_id=7","title":{"rendered":"Om oss"},"content":{"rendered":"<p><span style=\"font-weight: 400;\">Velkommen til v\u00e5re nye nettsider. Nettsidene ble utviklet av WebDesigner1 i slutten av 2015, og er forel\u00f8pig relativt ferske. Derfor kan enkelte ujevnheter og feil oppst\u00e5, samtidig som innholdet vil fylles opp med flere artikler og mer innhold etter hvert. Driften av nettstedet gj\u00f8res av 39-\u00e5rige Holger Johansen. Siden 90-tallet har han v\u00e6rt lidenskapelig opptatt av web og design, slik at denne mannen er den perfekte kandidaten for oppgaven. <\/span><\/p>\n<p><span style=\"font-weight: 400;\">Ta gjerne kontakt med han dersom du har noen sp\u00f8rsm\u00e5l til nettstedet eller selskapet generelt.<\/span><\/p>\n","protected":false},"excerpt":{"rendered":"<p>Velkommen til v\u00e5re nye nettsider. Nettsidene ble utviklet av WebDesigner1 i slutten av 2015, og er forel\u00f8pig relativt ferske. Derfor kan enkelte ujevnheter og feil oppst\u00e5, samtidig som innholdet vil fylles opp med flere artikler og mer innhold etter hvert. Driften av nettstedet gj\u00f8res av 39-\u00e5rige Holger Johansen. Siden 90-tallet har han v\u00e6rt lidenskapelig opptatt &#8230; <span class=\"more\"><a class=\"more-link\" href=\"https:\/\/www.swedishness.com\/?page_id=7\">[Read more&#8230;]<\/a><\/span><\/p>\n","protected":false},"author":2,"featured_media":0,"parent":0,"menu_order":0,"comment_status":"closed","ping_status":"closed","template":"","meta":{"footnotes":""},"class_list":["entry","page","publish","author-eivind","post-7"],"yoast_head":"<!-- This site is optimized with the Yoast SEO plugin v27.4 - https:\/\/yoast.com\/product\/yoast-seo-wordpress\/ -->\n<title>Om oss - Swedishness.com<\/title>\n<meta name=\"robots\" content=\"index, follow, max-snippet:-1, max-image-preview:large, max-video-preview:-1\" \/>\n<link rel=\"canonical\" href=\"https:\/\/www.swedishness.com\/?page_id=7\" \/>\n<meta property=\"og:locale\" content=\"en_US\" \/>\n<meta property=\"og:type\" content=\"article\" \/>\n<meta property=\"og:title\" content=\"Om oss - Swedishness.com\" \/>\n<meta property=\"og:description\" content=\"Velkommen til v\u00e5re nye nettsider. Nettsidene ble utviklet av WebDesigner1 i slutten av 2015, og er forel\u00f8pig relativt ferske. Derfor kan enkelte ujevnheter og feil oppst\u00e5, samtidig som innholdet vil fylles opp med flere artikler og mer innhold etter hvert. Driften av nettstedet gj\u00f8res av 39-\u00e5rige Holger Johansen. Siden 90-tallet har han v\u00e6rt lidenskapelig opptatt ... [Read more...]\" \/>\n<meta property=\"og:url\" content=\"https:\/\/www.swedishness.com\/?page_id=7\" \/>\n<meta property=\"og:site_name\" content=\"Swedishness.com\" \/>\n<meta property=\"article:modified_time\" content=\"2015-10-22T04:37:20+00:00\" \/>\n<meta name=\"twitter:card\" content=\"summary_large_image\" \/>\n<script type=\"application\/ld+json\" class=\"yoast-schema-graph\">{\"@context\":\"https:\\\/\\\/schema.org\",\"@graph\":[{\"@type\":\"WebPage\",\"@id\":\"https:\\\/\\\/www.swedishness.com\\\/?page_id=7\",\"url\":\"https:\\\/\\\/www.swedishness.com\\\/?page_id=7\",\"name\":\"Om oss - Swedishness.com\",\"isPartOf\":{\"@id\":\"https:\\\/\\\/www.swedishness.com\\\/#website\"},\"datePublished\":\"2015-10-20T19:38:24+00:00\",\"dateModified\":\"2015-10-22T04:37:20+00:00\",\"breadcrumb\":{\"@id\":\"https:\\\/\\\/www.swedishness.com\\\/?page_id=7#breadcrumb\"},\"inLanguage\":\"en-US\",\"potentialAction\":[{\"@type\":\"ReadAction\",\"target\":[\"https:\\\/\\\/www.swedishness.com\\\/?page_id=7\"]}]},{\"@type\":\"BreadcrumbList\",\"@id\":\"https:\\\/\\\/www.swedishness.com\\\/?page_id=7#breadcrumb\",\"itemListElement\":[{\"@type\":\"ListItem\",\"position\":1,\"name\":\"Home\",\"item\":\"https:\\\/\\\/www.swedishness.com\\\/\"},{\"@type\":\"ListItem\",\"position\":2,\"name\":\"Om oss\"}]},{\"@type\":\"WebSite\",\"@id\":\"https:\\\/\\\/www.swedishness.com\\\/#website\",\"url\":\"https:\\\/\\\/www.swedishness.com\\\/\",\"name\":\"Swedishness.com\",\"description\":\"\",\"potentialAction\":[{\"@type\":\"SearchAction\",\"target\":{\"@type\":\"EntryPoint\",\"urlTemplate\":\"https:\\\/\\\/www.swedishness.com\\\/?s={search_term_string}\"},\"query-input\":{\"@type\":\"PropertyValueSpecification\",\"valueRequired\":true,\"valueName\":\"search_term_string\"}}],\"inLanguage\":\"en-US\"}]}<\/script>\n<!-- \/ Yoast SEO plugin. -->","yoast_head_json":{"title":"Om oss - Swedishness.com","robots":{"index":"index","follow":"follow","max-snippet":"max-snippet:-1","max-image-preview":"max-image-preview:large","max-video-preview":"max-video-preview:-1"},"canonical":"https:\/\/www.swedishness.com\/?page_id=7","og_locale":"en_US","og_type":"article","og_title":"Om oss - Swedishness.com","og_description":"Velkommen til v\u00e5re nye nettsider. Nettsidene ble utviklet av WebDesigner1 i slutten av 2015, og er forel\u00f8pig relativt ferske. Derfor kan enkelte ujevnheter og feil oppst\u00e5, samtidig som innholdet vil fylles opp med flere artikler og mer innhold etter hvert. Driften av nettstedet gj\u00f8res av 39-\u00e5rige Holger Johansen. Siden 90-tallet har han v\u00e6rt lidenskapelig opptatt ... [Read more...]","og_url":"https:\/\/www.swedishness.com\/?page_id=7","og_site_name":"Swedishness.com","article_modified_time":"2015-10-22T04:37:20+00:00","twitter_card":"summary_large_image","schema":{"@context":"https:\/\/schema.org","@graph":[{"@type":"WebPage","@id":"https:\/\/www.swedishness.com\/?page_id=7","url":"https:\/\/www.swedishness.com\/?page_id=7","name":"Om oss - Swedishness.com","isPartOf":{"@id":"https:\/\/www.swedishness.com\/#website"},"datePublished":"2015-10-20T19:38:24+00:00","dateModified":"2015-10-22T04:37:20+00:00","breadcrumb":{"@id":"https:\/\/www.swedishness.com\/?page_id=7#breadcrumb"},"inLanguage":"en-US","potentialAction":[{"@type":"ReadAction","target":["https:\/\/www.swedishness.com\/?page_id=7"]}]},{"@type":"BreadcrumbList","@id":"https:\/\/www.swedishness.com\/?page_id=7#breadcrumb","itemListElement":[{"@type":"ListItem","position":1,"name":"Home","item":"https:\/\/www.swedishness.com\/"},{"@type":"ListItem","position":2,"name":"Om oss"}]},{"@type":"WebSite","@id":"https:\/\/www.swedishness.com\/#website","url":"https:\/\/www.swedishness.com\/","name":"Swedishness.com","description":"","potentialAction":[{"@type":"SearchAction","target":{"@type":"EntryPoint","urlTemplate":"https:\/\/www.swedishness.com\/?s={search_term_string}"},"query-input":{"@type":"PropertyValueSpecification","valueRequired":true,"valueName":"search_term_string"}}],"inLanguage":"en-US"}]}},"_links":{"self":[{"href":"https:\/\/www.swedishness.com\/index.php?rest_route=\/wp\/v2\/pages\/7","targetHints":{"allow":["GET"]}}],"collection":[{"href":"https:\/\/www.swedishness.com\/index.php?rest_route=\/wp\/v2\/pages"}],"about":[{"href":"https:\/\/www.swedishness.com\/index.php?rest_route=\/wp\/v2\/types\/page"}],"author":[{"embeddable":true,"href":"https:\/\/www.swedishness.com\/index.php?rest_route=\/wp\/v2\/users\/2"}],"replies":[{"embeddable":true,"href":"https:\/\/www.swedishness.com\/index.php?rest_route=%2Fwp%2Fv2%2Fcomments&post=7"}],"version-history":[{"count":2,"href":"https:\/\/www.swedishness.com\/index.php?rest_route=\/wp\/v2\/pages\/7\/revisions"}],"predecessor-version":[{"id":59,"href":"https:\/\/www.swedishness.com\/index.php?rest_route=\/wp\/v2\/pages\/7\/revisions\/59"}],"wp:attachment":[{"href":"https:\/\/www.swedishness.com\/index.php?rest_route=%2Fwp%2Fv2%2Fmedia&parent=7"}],"curies":[{"name":"wp","href":"https:\/\/api.w.org\/{rel}","templated":true}]}}