{"id":52,"date":"2015-10-20T21:20:42","date_gmt":"2015-10-20T21:20:42","guid":{"rendered":"http:\/\/www.swedishness.com\/?page_id=52"},"modified":"2015-10-20T21:20:51","modified_gmt":"2015-10-20T21:20:51","slug":"tips-til-kjop-av-bruktbil","status":"publish","type":"page","link":"https:\/\/www.swedishness.com\/?page_id=52","title":{"rendered":"Tips til kj\u00f8p av bruktbil"},"content":{"rendered":"<p><a href=\"http:\/\/www.swedishness.com\/wp-content\/uploads\/2015\/10\/gebrauchte.jpg\"><img loading=\"lazy\" decoding=\"async\" class=\"alignnone size-full wp-image-53\" src=\"http:\/\/www.swedishness.com\/wp-content\/uploads\/2015\/10\/gebrauchte.jpg\" alt=\"gebrauchte\" width=\"740\" height=\"370\" srcset=\"https:\/\/www.swedishness.com\/wp-content\/uploads\/2015\/10\/gebrauchte.jpg 740w, https:\/\/www.swedishness.com\/wp-content\/uploads\/2015\/10\/gebrauchte-300x150.jpg 300w\" sizes=\"auto, (max-width: 740px) 100vw, 740px\" \/><\/a><\/p>\n<p>Det er dyrt med bil i Norge, b\u00e5de n\u00e5r det kommer til innkj\u00f8p og det \u00e5 eie bil. Men kj\u00f8per man brukt bil s\u00e5 vil man spare sv\u00e6rt mye penger kontra et nybilkj\u00f8p, og allikevel kan man sitte igjen med mye bil for pengene. Det gjelder dog \u00e5 gj\u00f8re en grundig forh\u00e5ndsjobb n\u00e5r man leter etter ny bruktbil, og for at du skal v\u00e6re best mulig forberedt n\u00e5r du skal kj\u00f8pte deg bruktbil, s\u00e5 skal vi i denne artikkelen komme med noen gode tips til kj\u00f8p av bruktbil.<\/p>\n<h2>Hvordan er bilens tilstand?<\/h2>\n<p>Prisen p\u00e5 bilen vil i mange tilfeller reflektere bilens tilstand, selv om dette aldri er noen fasit. Det finnes mange u\u00e6rlige sjeler der ute, og minst like mange uvitende. Derfor er du selv n\u00f8dt til \u00e5 kontrollere bilen selv om det i annonsen m\u00e5tte st\u00e5 at den er plettfri. N\u00e5r du leter p\u00e5 nettet etter potensielle kandidater, s\u00e5 b\u00f8r du lage deg en sjekkliste for kj\u00f8p av bruktbil. Blant annet s\u00e5 b\u00f8r bilen v\u00e6re EU-godkjent, slik at du p\u00e5 den m\u00e5ten sikrer deg mot mange trafikkfarlige feil. Skal man kj\u00f8pe bruktbil i lavere prisklasse b\u00f8r man ogs\u00e5 se p\u00e5 dekkene \u2013 b\u00e5de sommer- og vinterdekk. Skal man kj\u00f8pe nye dekk i tillegg, s\u00e5 koster dette gjerne en del penger.<\/p>\n<p>Sjekk ogs\u00e5 servicehistorikken til bilen. Hvis bilen har gjennomg\u00e5tt alle servicer til oppsatte tidspunkter, s\u00e5 er dette en god indikasjon p\u00e5 at bilen har blitt tatt godt vare p\u00e5. Hyppig oljeskift og n\u00f8dvendige reparasjoner skal v\u00e6re dokumentert her. Du kan ogs\u00e5 se n\u00e5r st\u00f8rre prosjekter som skift av registerreim har blitt gjort (eller m\u00e5 gj\u00f8res). Tenk ogs\u00e5 p\u00e5 hvilket sikkerhetsutstyr bilen har, selv om de fleste biler i dag er utstyrt med airbag og lignende.<\/p>\n<h2>Hvilken bruktbil skal du velge?<\/h2>\n<p><a href=\"http:\/\/www.swedishness.com\/wp-content\/uploads\/2015\/10\/sparen.jpg\"><img loading=\"lazy\" decoding=\"async\" class=\"alignleft size-full wp-image-54\" src=\"http:\/\/www.swedishness.com\/wp-content\/uploads\/2015\/10\/sparen.jpg\" alt=\"sparen\" width=\"300\" height=\"168\" \/><\/a>Et kjapt s\u00f8k p\u00e5 FINN.no forteller oss at det i skrivende stund finnes over 50\u00a0000 biler til salgs i Norge. S\u00e5 hvilken skal man velge? De fleste har kanskje allerede en preferanse n\u00e5r det kommer til b\u00e5de merke og modell, men ved \u00e5 unng\u00e5 de st\u00f8rste og mest popul\u00e6re merkene, s\u00e5 kan man spare ganske mye penger. Du kan f\u00e5 like mye bil for pengene med kanskje mer nymotens teknologi ved \u00e5 ta et mindre popul\u00e6rt merke. Samtidig kan bilen v\u00e6re nyere, slik at du unng\u00e5r rust, riper, steinsprut og andre skader\/slitasje som vanligvis oppst\u00e5r n\u00e5r en bil har v\u00e6rt brukt i noen \u00e5r.<\/p>\n<p>Utover dette er det viktig at du gj\u00f8r en grundig sjekk n\u00e5r du f\u00f8rst har funnet deg en bil som du tar turen for \u00e5 se p\u00e5. Pr\u00f8vekj\u00f8re er selvf\u00f8lgelig obligatorisk, og her er det lov \u00e5 teste bilen fullt ut. Pr\u00f8v knapper, funksjoner, vindusspylere og kj\u00f8r gjerne bilen litt \u00abhardt\u00bb. Med det mener vi at du tester bremser, styring, clutch og s\u00e5 videre. Ser det hele bra ut, s\u00e5 kan du ogs\u00e5 spare ganske mye penger p\u00e5 \u00e5 v\u00e6re t\u00f8ff i forhandlingen. G\u00e5 hardt ut og kom med et bud under prisantydning \u2013 uten \u00e5 opptre uh\u00f8flig \u2013 og kanskje vil selgeren gi deg et avslag som smaker godt i munnen.<\/p>\n","protected":false},"excerpt":{"rendered":"<p>Det er dyrt med bil i Norge, b\u00e5de n\u00e5r det kommer til innkj\u00f8p og det \u00e5 eie bil. Men kj\u00f8per man brukt bil s\u00e5 vil man spare sv\u00e6rt mye penger kontra et nybilkj\u00f8p, og allikevel kan man sitte igjen med mye bil for pengene. Det gjelder dog \u00e5 gj\u00f8re en grundig forh\u00e5ndsjobb n\u00e5r man leter &#8230; <span class=\"more\"><a class=\"more-link\" href=\"https:\/\/www.swedishness.com\/?page_id=52\">[Read more&#8230;]<\/a><\/span><\/p>\n","protected":false},"author":2,"featured_media":0,"parent":0,"menu_order":0,"comment_status":"closed","ping_status":"closed","template":"","meta":{"footnotes":""},"class_list":["entry","page","publish","author-eivind","post-52"],"yoast_head":"<!-- This site is optimized with the Yoast SEO plugin v27.6 - https:\/\/yoast.com\/product\/yoast-seo-wordpress\/ -->\n<title>Tips til kj\u00f8p av bruktbil - Swedishness.com<\/title>\n<meta name=\"robots\" content=\"index, follow, max-snippet:-1, max-image-preview:large, max-video-preview:-1\" \/>\n<link rel=\"canonical\" href=\"https:\/\/www.swedishness.com\/?page_id=52\" \/>\n<meta property=\"og:locale\" content=\"en_US\" \/>\n<meta property=\"og:type\" content=\"article\" \/>\n<meta property=\"og:title\" content=\"Tips til kj\u00f8p av bruktbil - Swedishness.com\" \/>\n<meta property=\"og:description\" content=\"Det er dyrt med bil i Norge, b\u00e5de n\u00e5r det kommer til innkj\u00f8p og det \u00e5 eie bil. Men kj\u00f8per man brukt bil s\u00e5 vil man spare sv\u00e6rt mye penger kontra et nybilkj\u00f8p, og allikevel kan man sitte igjen med mye bil for pengene. Det gjelder dog \u00e5 gj\u00f8re en grundig forh\u00e5ndsjobb n\u00e5r man leter ... [Read more...]\" \/>\n<meta property=\"og:url\" content=\"https:\/\/www.swedishness.com\/?page_id=52\" \/>\n<meta property=\"og:site_name\" content=\"Swedishness.com\" \/>\n<meta property=\"article:modified_time\" content=\"2015-10-20T21:20:51+00:00\" \/>\n<meta property=\"og:image\" content=\"http:\/\/www.swedishness.com\/wp-content\/uploads\/2015\/10\/gebrauchte.jpg\" \/>\n<meta name=\"twitter:card\" content=\"summary_large_image\" \/>\n<meta name=\"twitter:label1\" content=\"Est. reading time\" \/>\n\t<meta name=\"twitter:data1\" content=\"3 minutes\" \/>\n<script type=\"application\/ld+json\" class=\"yoast-schema-graph\">{\"@context\":\"https:\\\/\\\/schema.org\",\"@graph\":[{\"@type\":\"WebPage\",\"@id\":\"https:\\\/\\\/www.swedishness.com\\\/?page_id=52\",\"url\":\"https:\\\/\\\/www.swedishness.com\\\/?page_id=52\",\"name\":\"Tips til kj\u00f8p av bruktbil - Swedishness.com\",\"isPartOf\":{\"@id\":\"https:\\\/\\\/www.swedishness.com\\\/#website\"},\"primaryImageOfPage\":{\"@id\":\"https:\\\/\\\/www.swedishness.com\\\/?page_id=52#primaryimage\"},\"image\":{\"@id\":\"https:\\\/\\\/www.swedishness.com\\\/?page_id=52#primaryimage\"},\"thumbnailUrl\":\"http:\\\/\\\/www.swedishness.com\\\/wp-content\\\/uploads\\\/2015\\\/10\\\/gebrauchte.jpg\",\"datePublished\":\"2015-10-20T21:20:42+00:00\",\"dateModified\":\"2015-10-20T21:20:51+00:00\",\"breadcrumb\":{\"@id\":\"https:\\\/\\\/www.swedishness.com\\\/?page_id=52#breadcrumb\"},\"inLanguage\":\"en-US\",\"potentialAction\":[{\"@type\":\"ReadAction\",\"target\":[\"https:\\\/\\\/www.swedishness.com\\\/?page_id=52\"]}]},{\"@type\":\"ImageObject\",\"inLanguage\":\"en-US\",\"@id\":\"https:\\\/\\\/www.swedishness.com\\\/?page_id=52#primaryimage\",\"url\":\"http:\\\/\\\/www.swedishness.com\\\/wp-content\\\/uploads\\\/2015\\\/10\\\/gebrauchte.jpg\",\"contentUrl\":\"http:\\\/\\\/www.swedishness.com\\\/wp-content\\\/uploads\\\/2015\\\/10\\\/gebrauchte.jpg\"},{\"@type\":\"BreadcrumbList\",\"@id\":\"https:\\\/\\\/www.swedishness.com\\\/?page_id=52#breadcrumb\",\"itemListElement\":[{\"@type\":\"ListItem\",\"position\":1,\"name\":\"Home\",\"item\":\"https:\\\/\\\/www.swedishness.com\\\/\"},{\"@type\":\"ListItem\",\"position\":2,\"name\":\"Tips til kj\u00f8p av bruktbil\"}]},{\"@type\":\"WebSite\",\"@id\":\"https:\\\/\\\/www.swedishness.com\\\/#website\",\"url\":\"https:\\\/\\\/www.swedishness.com\\\/\",\"name\":\"Swedishness.com\",\"description\":\"\",\"potentialAction\":[{\"@type\":\"SearchAction\",\"target\":{\"@type\":\"EntryPoint\",\"urlTemplate\":\"https:\\\/\\\/www.swedishness.com\\\/?s={search_term_string}\"},\"query-input\":{\"@type\":\"PropertyValueSpecification\",\"valueRequired\":true,\"valueName\":\"search_term_string\"}}],\"inLanguage\":\"en-US\"}]}<\/script>\n<!-- \/ Yoast SEO plugin. -->","yoast_head_json":{"title":"Tips til kj\u00f8p av bruktbil - Swedishness.com","robots":{"index":"index","follow":"follow","max-snippet":"max-snippet:-1","max-image-preview":"max-image-preview:large","max-video-preview":"max-video-preview:-1"},"canonical":"https:\/\/www.swedishness.com\/?page_id=52","og_locale":"en_US","og_type":"article","og_title":"Tips til kj\u00f8p av bruktbil - Swedishness.com","og_description":"Det er dyrt med bil i Norge, b\u00e5de n\u00e5r det kommer til innkj\u00f8p og det \u00e5 eie bil. Men kj\u00f8per man brukt bil s\u00e5 vil man spare sv\u00e6rt mye penger kontra et nybilkj\u00f8p, og allikevel kan man sitte igjen med mye bil for pengene. Det gjelder dog \u00e5 gj\u00f8re en grundig forh\u00e5ndsjobb n\u00e5r man leter ... [Read more...]","og_url":"https:\/\/www.swedishness.com\/?page_id=52","og_site_name":"Swedishness.com","article_modified_time":"2015-10-20T21:20:51+00:00","og_image":[{"url":"http:\/\/www.swedishness.com\/wp-content\/uploads\/2015\/10\/gebrauchte.jpg","type":"","width":"","height":""}],"twitter_card":"summary_large_image","twitter_misc":{"Est. reading time":"3 minutes"},"schema":{"@context":"https:\/\/schema.org","@graph":[{"@type":"WebPage","@id":"https:\/\/www.swedishness.com\/?page_id=52","url":"https:\/\/www.swedishness.com\/?page_id=52","name":"Tips til kj\u00f8p av bruktbil - Swedishness.com","isPartOf":{"@id":"https:\/\/www.swedishness.com\/#website"},"primaryImageOfPage":{"@id":"https:\/\/www.swedishness.com\/?page_id=52#primaryimage"},"image":{"@id":"https:\/\/www.swedishness.com\/?page_id=52#primaryimage"},"thumbnailUrl":"http:\/\/www.swedishness.com\/wp-content\/uploads\/2015\/10\/gebrauchte.jpg","datePublished":"2015-10-20T21:20:42+00:00","dateModified":"2015-10-20T21:20:51+00:00","breadcrumb":{"@id":"https:\/\/www.swedishness.com\/?page_id=52#breadcrumb"},"inLanguage":"en-US","potentialAction":[{"@type":"ReadAction","target":["https:\/\/www.swedishness.com\/?page_id=52"]}]},{"@type":"ImageObject","inLanguage":"en-US","@id":"https:\/\/www.swedishness.com\/?page_id=52#primaryimage","url":"http:\/\/www.swedishness.com\/wp-content\/uploads\/2015\/10\/gebrauchte.jpg","contentUrl":"http:\/\/www.swedishness.com\/wp-content\/uploads\/2015\/10\/gebrauchte.jpg"},{"@type":"BreadcrumbList","@id":"https:\/\/www.swedishness.com\/?page_id=52#breadcrumb","itemListElement":[{"@type":"ListItem","position":1,"name":"Home","item":"https:\/\/www.swedishness.com\/"},{"@type":"ListItem","position":2,"name":"Tips til kj\u00f8p av bruktbil"}]},{"@type":"WebSite","@id":"https:\/\/www.swedishness.com\/#website","url":"https:\/\/www.swedishness.com\/","name":"Swedishness.com","description":"","potentialAction":[{"@type":"SearchAction","target":{"@type":"EntryPoint","urlTemplate":"https:\/\/www.swedishness.com\/?s={search_term_string}"},"query-input":{"@type":"PropertyValueSpecification","valueRequired":true,"valueName":"search_term_string"}}],"inLanguage":"en-US"}]}},"_links":{"self":[{"href":"https:\/\/www.swedishness.com\/index.php?rest_route=\/wp\/v2\/pages\/52","targetHints":{"allow":["GET"]}}],"collection":[{"href":"https:\/\/www.swedishness.com\/index.php?rest_route=\/wp\/v2\/pages"}],"about":[{"href":"https:\/\/www.swedishness.com\/index.php?rest_route=\/wp\/v2\/types\/page"}],"author":[{"embeddable":true,"href":"https:\/\/www.swedishness.com\/index.php?rest_route=\/wp\/v2\/users\/2"}],"replies":[{"embeddable":true,"href":"https:\/\/www.swedishness.com\/index.php?rest_route=%2Fwp%2Fv2%2Fcomments&post=52"}],"version-history":[{"count":3,"href":"https:\/\/www.swedishness.com\/index.php?rest_route=\/wp\/v2\/pages\/52\/revisions"}],"predecessor-version":[{"id":57,"href":"https:\/\/www.swedishness.com\/index.php?rest_route=\/wp\/v2\/pages\/52\/revisions\/57"}],"wp:attachment":[{"href":"https:\/\/www.swedishness.com\/index.php?rest_route=%2Fwp%2Fv2%2Fmedia&parent=52"}],"curies":[{"name":"wp","href":"https:\/\/api.w.org\/{rel}","templated":true}]}}