{"id":23,"date":"2015-10-20T20:45:02","date_gmt":"2015-10-20T20:45:02","guid":{"rendered":"http:\/\/www.swedishness.com\/?page_id=23"},"modified":"2015-10-22T05:44:05","modified_gmt":"2015-10-22T05:44:05","slug":"budapest-city-central","status":"publish","type":"page","link":"https:\/\/www.swedishness.com\/?page_id=23","title":{"rendered":"Budapest City Central"},"content":{"rendered":"<p><a href=\"http:\/\/www.swedishness.com\/wp-content\/uploads\/2015\/10\/1155879867.jpg\"><img loading=\"lazy\" decoding=\"async\" class=\"alignnone size-full wp-image-24\" src=\"http:\/\/www.swedishness.com\/wp-content\/uploads\/2015\/10\/1155879867.jpg\" alt=\"1155879867\" width=\"740\" height=\"368\" srcset=\"https:\/\/www.swedishness.com\/wp-content\/uploads\/2015\/10\/1155879867.jpg 740w, https:\/\/www.swedishness.com\/wp-content\/uploads\/2015\/10\/1155879867-300x149.jpg 300w\" sizes=\"auto, (max-width: 740px) 100vw, 740px\" \/><\/a><\/p>\n<p>Dette hotellet er perfekt for deg som \u00f8nsker \u00e5 bo billig og sentralt i en av Europas vakreste storbyer.<\/p>\n<h2>Beliggenhet<\/h2>\n<p><a href=\"http:\/\/www.budapestcitycentral.com\/\" target=\"_blank\">Budapest City Central<\/a> ligger som navnet tilsier i sentrum av byen. Dette trestjerners hotellet har en god beliggenhet i forhold til Budapests mange spennende severdigheter og attraksjoner. Herfra er det gangavstand til noen av byens universitetsomr\u00e5der, kjente museer og kunsthaller, og elva Donau hvor det er et yrende b\u00e5t- og turistliv. Rett rundt hj\u00f8rnet ligger Astoria T-banestasjon som knytter det til resten av byen og gj\u00f8r det er lett \u00e5 komme seg rundt. I omr\u00e5det b\u00e5de i og omkring hotellet er det mange gode butikker og restauranter. Kulturbyen byr p\u00e5 spennende forestillinger innenfor teater og opera, med n\u00e6rmeste operahus bare 5 minutter unna. Budapest har mange kjente byggverk og monumenter, hvorav b\u00e5de Stefansdomen og Dohany-synagoen ligger i gangavstand fra hotellet.<\/p>\n<h2>Rom<\/h2>\n<p>Alle de 10 rommene p\u00e5 hotellet er koselig innredet med senger av god kvalitet, private bad med dusj, og flatskjerm-TV med TV-kanaler. Det er h\u00f8yt under taket og de store vinduene slipper inn mye naturlig lys. Andre romfasiliteter inkluderer skrivebord med stol hvor det er mulig \u00e5 arbeide mens man er p\u00e5 farten, gratis toalettartikler og h\u00e5rf\u00f8ner. P\u00e5 hvert rom er det gratis tr\u00e5dl\u00f8s internettforbindelse og telefon. B\u00e5de kj\u00f8leskap og mikrob\u00f8lgeovn er mulig \u00e5 f\u00e5 p\u00e5 foresp\u00f8rsel. Alle barn under 6 \u00e5r bor gratis hvis de sover i foreldre eller foresattes seng, mens alle barn under 2 \u00e5r bor kan sove i babysenger, kostnadsfritt. Rommene rengj\u00f8res hver dag.<\/p>\n<h2>Fasiliteter<\/h2>\n<p>Hotellet serverer en god og n\u00e6ringsrik frokost hver dag i spisesalen, mot et tillegg. Det flerspr\u00e5klige personalet ved hotellet assisterer deg gjerne med flyplasstransport, bilutleie eller hjelp til bestilling av billetter og turer. I tillegg til \u00e5 ha en d\u00f8gn\u00e5pen resepsjon har hotellet vaskeritjenester og tilbyr bagasjeoppbevaring. Offentlig parkeringsplass finnes i n\u00e6rheten og koster ekstra.<\/p>\n<p>For bestilling se <a href=\"http:\/\/www.budapesthotell.no\" target=\"_blank\">Hotell budapest<\/a> (<a href=\"http:\/\/www.budapesthotell.no\" target=\"_blank\">hotellbudapest.no<\/a>)<\/p>\n","protected":false},"excerpt":{"rendered":"<p>Dette hotellet er perfekt for deg som \u00f8nsker \u00e5 bo billig og sentralt i en av Europas vakreste storbyer. Beliggenhet Budapest City Central ligger som navnet tilsier i sentrum av byen. Dette trestjerners hotellet har en god beliggenhet i forhold til Budapests mange spennende severdigheter og attraksjoner. Herfra er det gangavstand til noen av byens &#8230; <span class=\"more\"><a class=\"more-link\" href=\"https:\/\/www.swedishness.com\/?page_id=23\">[Read more&#8230;]<\/a><\/span><\/p>\n","protected":false},"author":2,"featured_media":0,"parent":0,"menu_order":0,"comment_status":"closed","ping_status":"closed","template":"","meta":{"footnotes":""},"class_list":["entry","page","publish","author-eivind","post-23"],"yoast_head":"<!-- This site is optimized with the Yoast SEO plugin v27.4 - https:\/\/yoast.com\/product\/yoast-seo-wordpress\/ -->\n<title>Budapest City Central - Swedishness.com<\/title>\n<meta name=\"robots\" content=\"index, follow, max-snippet:-1, max-image-preview:large, max-video-preview:-1\" \/>\n<link rel=\"canonical\" href=\"https:\/\/www.swedishness.com\/?page_id=23\" \/>\n<meta property=\"og:locale\" content=\"en_US\" \/>\n<meta property=\"og:type\" content=\"article\" \/>\n<meta property=\"og:title\" content=\"Budapest City Central - Swedishness.com\" \/>\n<meta property=\"og:description\" content=\"Dette hotellet er perfekt for deg som \u00f8nsker \u00e5 bo billig og sentralt i en av Europas vakreste storbyer. Beliggenhet Budapest City Central ligger som navnet tilsier i sentrum av byen. Dette trestjerners hotellet har en god beliggenhet i forhold til Budapests mange spennende severdigheter og attraksjoner. Herfra er det gangavstand til noen av byens ... [Read more...]\" \/>\n<meta property=\"og:url\" content=\"https:\/\/www.swedishness.com\/?page_id=23\" \/>\n<meta property=\"og:site_name\" content=\"Swedishness.com\" \/>\n<meta property=\"article:modified_time\" content=\"2015-10-22T05:44:05+00:00\" \/>\n<meta property=\"og:image\" content=\"http:\/\/www.swedishness.com\/wp-content\/uploads\/2015\/10\/1155879867.jpg\" \/>\n<meta name=\"twitter:card\" content=\"summary_large_image\" \/>\n<meta name=\"twitter:label1\" content=\"Est. reading time\" \/>\n\t<meta name=\"twitter:data1\" content=\"2 minutes\" \/>\n<script type=\"application\/ld+json\" class=\"yoast-schema-graph\">{\"@context\":\"https:\\\/\\\/schema.org\",\"@graph\":[{\"@type\":\"WebPage\",\"@id\":\"https:\\\/\\\/www.swedishness.com\\\/?page_id=23\",\"url\":\"https:\\\/\\\/www.swedishness.com\\\/?page_id=23\",\"name\":\"Budapest City Central - Swedishness.com\",\"isPartOf\":{\"@id\":\"https:\\\/\\\/www.swedishness.com\\\/#website\"},\"primaryImageOfPage\":{\"@id\":\"https:\\\/\\\/www.swedishness.com\\\/?page_id=23#primaryimage\"},\"image\":{\"@id\":\"https:\\\/\\\/www.swedishness.com\\\/?page_id=23#primaryimage\"},\"thumbnailUrl\":\"http:\\\/\\\/www.swedishness.com\\\/wp-content\\\/uploads\\\/2015\\\/10\\\/1155879867.jpg\",\"datePublished\":\"2015-10-20T20:45:02+00:00\",\"dateModified\":\"2015-10-22T05:44:05+00:00\",\"breadcrumb\":{\"@id\":\"https:\\\/\\\/www.swedishness.com\\\/?page_id=23#breadcrumb\"},\"inLanguage\":\"en-US\",\"potentialAction\":[{\"@type\":\"ReadAction\",\"target\":[\"https:\\\/\\\/www.swedishness.com\\\/?page_id=23\"]}]},{\"@type\":\"ImageObject\",\"inLanguage\":\"en-US\",\"@id\":\"https:\\\/\\\/www.swedishness.com\\\/?page_id=23#primaryimage\",\"url\":\"http:\\\/\\\/www.swedishness.com\\\/wp-content\\\/uploads\\\/2015\\\/10\\\/1155879867.jpg\",\"contentUrl\":\"http:\\\/\\\/www.swedishness.com\\\/wp-content\\\/uploads\\\/2015\\\/10\\\/1155879867.jpg\"},{\"@type\":\"BreadcrumbList\",\"@id\":\"https:\\\/\\\/www.swedishness.com\\\/?page_id=23#breadcrumb\",\"itemListElement\":[{\"@type\":\"ListItem\",\"position\":1,\"name\":\"Home\",\"item\":\"https:\\\/\\\/www.swedishness.com\\\/\"},{\"@type\":\"ListItem\",\"position\":2,\"name\":\"Budapest City Central\"}]},{\"@type\":\"WebSite\",\"@id\":\"https:\\\/\\\/www.swedishness.com\\\/#website\",\"url\":\"https:\\\/\\\/www.swedishness.com\\\/\",\"name\":\"Swedishness.com\",\"description\":\"\",\"potentialAction\":[{\"@type\":\"SearchAction\",\"target\":{\"@type\":\"EntryPoint\",\"urlTemplate\":\"https:\\\/\\\/www.swedishness.com\\\/?s={search_term_string}\"},\"query-input\":{\"@type\":\"PropertyValueSpecification\",\"valueRequired\":true,\"valueName\":\"search_term_string\"}}],\"inLanguage\":\"en-US\"}]}<\/script>\n<!-- \/ Yoast SEO plugin. -->","yoast_head_json":{"title":"Budapest City Central - Swedishness.com","robots":{"index":"index","follow":"follow","max-snippet":"max-snippet:-1","max-image-preview":"max-image-preview:large","max-video-preview":"max-video-preview:-1"},"canonical":"https:\/\/www.swedishness.com\/?page_id=23","og_locale":"en_US","og_type":"article","og_title":"Budapest City Central - Swedishness.com","og_description":"Dette hotellet er perfekt for deg som \u00f8nsker \u00e5 bo billig og sentralt i en av Europas vakreste storbyer. Beliggenhet Budapest City Central ligger som navnet tilsier i sentrum av byen. Dette trestjerners hotellet har en god beliggenhet i forhold til Budapests mange spennende severdigheter og attraksjoner. Herfra er det gangavstand til noen av byens ... [Read more...]","og_url":"https:\/\/www.swedishness.com\/?page_id=23","og_site_name":"Swedishness.com","article_modified_time":"2015-10-22T05:44:05+00:00","og_image":[{"url":"http:\/\/www.swedishness.com\/wp-content\/uploads\/2015\/10\/1155879867.jpg","type":"","width":"","height":""}],"twitter_card":"summary_large_image","twitter_misc":{"Est. reading time":"2 minutes"},"schema":{"@context":"https:\/\/schema.org","@graph":[{"@type":"WebPage","@id":"https:\/\/www.swedishness.com\/?page_id=23","url":"https:\/\/www.swedishness.com\/?page_id=23","name":"Budapest City Central - Swedishness.com","isPartOf":{"@id":"https:\/\/www.swedishness.com\/#website"},"primaryImageOfPage":{"@id":"https:\/\/www.swedishness.com\/?page_id=23#primaryimage"},"image":{"@id":"https:\/\/www.swedishness.com\/?page_id=23#primaryimage"},"thumbnailUrl":"http:\/\/www.swedishness.com\/wp-content\/uploads\/2015\/10\/1155879867.jpg","datePublished":"2015-10-20T20:45:02+00:00","dateModified":"2015-10-22T05:44:05+00:00","breadcrumb":{"@id":"https:\/\/www.swedishness.com\/?page_id=23#breadcrumb"},"inLanguage":"en-US","potentialAction":[{"@type":"ReadAction","target":["https:\/\/www.swedishness.com\/?page_id=23"]}]},{"@type":"ImageObject","inLanguage":"en-US","@id":"https:\/\/www.swedishness.com\/?page_id=23#primaryimage","url":"http:\/\/www.swedishness.com\/wp-content\/uploads\/2015\/10\/1155879867.jpg","contentUrl":"http:\/\/www.swedishness.com\/wp-content\/uploads\/2015\/10\/1155879867.jpg"},{"@type":"BreadcrumbList","@id":"https:\/\/www.swedishness.com\/?page_id=23#breadcrumb","itemListElement":[{"@type":"ListItem","position":1,"name":"Home","item":"https:\/\/www.swedishness.com\/"},{"@type":"ListItem","position":2,"name":"Budapest City Central"}]},{"@type":"WebSite","@id":"https:\/\/www.swedishness.com\/#website","url":"https:\/\/www.swedishness.com\/","name":"Swedishness.com","description":"","potentialAction":[{"@type":"SearchAction","target":{"@type":"EntryPoint","urlTemplate":"https:\/\/www.swedishness.com\/?s={search_term_string}"},"query-input":{"@type":"PropertyValueSpecification","valueRequired":true,"valueName":"search_term_string"}}],"inLanguage":"en-US"}]}},"_links":{"self":[{"href":"https:\/\/www.swedishness.com\/index.php?rest_route=\/wp\/v2\/pages\/23","targetHints":{"allow":["GET"]}}],"collection":[{"href":"https:\/\/www.swedishness.com\/index.php?rest_route=\/wp\/v2\/pages"}],"about":[{"href":"https:\/\/www.swedishness.com\/index.php?rest_route=\/wp\/v2\/types\/page"}],"author":[{"embeddable":true,"href":"https:\/\/www.swedishness.com\/index.php?rest_route=\/wp\/v2\/users\/2"}],"replies":[{"embeddable":true,"href":"https:\/\/www.swedishness.com\/index.php?rest_route=%2Fwp%2Fv2%2Fcomments&post=23"}],"version-history":[{"count":3,"href":"https:\/\/www.swedishness.com\/index.php?rest_route=\/wp\/v2\/pages\/23\/revisions"}],"predecessor-version":[{"id":65,"href":"https:\/\/www.swedishness.com\/index.php?rest_route=\/wp\/v2\/pages\/23\/revisions\/65"}],"wp:attachment":[{"href":"https:\/\/www.swedishness.com\/index.php?rest_route=%2Fwp%2Fv2%2Fmedia&parent=23"}],"curies":[{"name":"wp","href":"https:\/\/api.w.org\/{rel}","templated":true}]}}